s 378253 composite?
False
Is 2069 a composite number?
False
Is 2727329 a prime number?
False
Is 3803 a prime number?
True
Is 676961 composite?
False
Is 10231 prime?
False
Is 1399 composite?
False
Is 557 prime?
True
Is 18269 a prime number?
True
Is 1745 a prime number?
False
Is 5897 composite?
False
Is 19174 a composite number?
True
Is 200857 composite?
True
Is 6843 composite?
True
Is 35846 a prime number?
False
Is 29581 composite?
False
Is 23861 composite?
True
Is 468953 composite?
False
Is 49523 a prime number?
True
Is 48647 prime?
True
Is 19451 a prime number?
False
Is 1761 composite?
True
Is 378977 composite?
False
Is 2841 composite?
True
Is 4766857 a prime number?
False
Is 21415 prime?
False
Is 114713 composite?
False
Is 2053 a composite number?
False
Is 4241 a composite number?
False
Is 2155 a composite number?
True
Is 6457 a composite number?
True
Is 63485 composite?
True
Is 5041 composite?
True
Is 16619 a composite number?
False
Is 746303 a composite number?
False
Is 37031 a prime number?
False
Is 20593 a prime number?
True
Is 10049 a prime number?
False
Is 2605 a composite number?
True
Is 534473 a prime number?
True
Is 6007 prime?
True
Is 16657 a prime number?
True
Is 21139 a composite number?
False
Is 33058 a composite number?
True
Is 26603 composite?
True
Is 885331 composite?
False
Is 66337 a prime number?
True
Is 21683 a composite number?
False
Is 93593 a composite number?
True
Is 406109 a composite number?
True
Is 32267 a composite number?
True
Is 179897 composite?
False
Is 77941 prime?
False
Is 71 a composite number?
False
Is 367 composite?
False
Is 1238659 composite?
False
Is 1608391 composite?
True
Is 119703 a composite number?
True
Is 179834 prime?
False
Is 101267 a composite number?
False
Is 19517 prime?
False
Is 213429 a composite number?
True
Is 8002 composite?
True
Is 991 a prime number?
True
Is 10037 a composite number?
False
Is 9871 composite?
False
Is 1082129 a composite number?
False
Is 14567 prime?
False
Is 273341 composite?
True
Is 1253 composite?
True
Is 232249 a prime number?
False
Is 157007 a prime number?
True
Is 195527 composite?
False
Is 2287 composite?
False
Is 505741 a composite number?
True
Is 30761 prime?
False
Is 480803 prime?
True
Is 34971 a composite number?
True
Is 1819 composite?
True
Is 187973 composite?
False
Is 9871 prime?
True
Is 14921 a prime number?
False
Is 14939 a prime number?
True
Is 57115 composite?
True
Is 68245 a prime number?
False
Is 13963 composite?
False
Is 10489 composite?
True
Is 19571 composite?
False
Is 36413 a prime number?
False
Is 298579 a prime number?
True
Is 15653 a prime number?
False
Is 577307 prime?
True
Is 5513 a composite number?
True
Is 1183831 prime?
False
Is 111913 prime?
True
Is 5759 composite?
True
Is 789 composite?
True
Is 1574 a prime number?
False
Is 21287 a prime number?
False
Is 3833 composite?
False
Is 389138 prime?
False
Is 11513 a prime number?
False
Is 497899 prime?
True
Is 56371 a prime number?
False
Is 1499 composite?
False
Is 1481 prime?
True
Is 52361 prime?
True
Is 57823 prime?
False
Is 53503 a prime number?
True
Is 68171 prime?
True
Is 38197 prime?
True
Is 3019 prime?
True
Is 130577 a composite number?
True
Is 34457 prime?
True
Is 11269 a composite number?
True
Is 36901 prime?
True
Is 33851 a composite number?
False
Is 58391 prime?
True
Is 2081 prime?
True
Is 12439 composite?
True
Is 36433 a prime number?
True
Is 73317 a composite number?
True
Is 156167 a prime number?
False
Is 5941 a composite number?
True
Is 559 a composite number?
True
Is 435541 composite?
False
Is 726335 composite?
True
Is 15971 a prime number?
True
Is 779 a prime number?
False
Is 20143 a composite number?
False
Is 4550635 composite?
True
Is 103407 a composite number?
True
Is 13303 prime?
False
Is 133046 a prime number?
False
Is 1795 composite?
True
Is 1217 a prime number?
True
Is 25301 a composite number?
False
Is 245383 a prime number?
True
Is 17467 composite?
False
Is 194113 prime?
True
Is 3607 prime?
True
Is 196379 composite?
False
Is 8653 prime?
False
Is 659254 a composite number?
True
Is 9901 prime?
True
Is 121823 composite?
True
Is 7615 a composite number?
True
Is 14971 a prime number?
False
Is 2491 a prime number?
False
Is 2084179 prime?
True
Is 121229 a composite number?
False
Is 21467 a prime number?
True
Is 23663 a prime number?
True
Is 2093753 composite?
True
Is 17635 a prime number?
False
Is 727981 a composite number?
False
Is 71447 composite?
True
Is 10113 prime?
False
Is 233549 prime?
True
Is 4187 prime?
False
Is 138851 prime?
False
Is 653 a composite number?
False
Is 20029 composite?
False
Is 626 prime?
False
Is 378977 prime?
True
Is 128273 a prime number?
True
Is 30215 a composite number?
True
Is 1231187 a prime number?
False
Is 35331 a prime number?
False
Is 15161 a composite number?
False
Is 174071 a prime number?
True
Is 5939 prime?
True
Is 1590829 a composite number?
False
Is 25177 prime?
False
Is 2947 a composite number?
True
Is 71549 composite?
False
Is 96803 prime?
False
Is 56489 prime?
True
Is 9059 a composite number?
False
Is 1272811 composite?
False
Is 26591 prime?
True
Is 368707 prime?
False
Is 92041 prime?
True
Is 175211 composite?
False
Is 92419 a composite number?
False
Is 12323 a prime number?
True
Is 17103 a prime number?
False
Is 119507 a composite number?
True
Is 3791 a prime number?
False
Is 1711511 prime?
True
Is 63443 prime?
True
Is 98963 prime?
True
Is 9299 a composite number?
True
Is 16658 a prime number?
False
Is 96055 prime?
False
Is 1283 composite?
False
Is 76753 a prime number?
True
Is 31579 composite?
True
Is 8039 a prime number?
True
Is 9491 prime?
True
Is 5261 a composite number?
False
Is 3659 a composite number?
False
Is 12197 prime?
True
Is 4096109 prime?
True
Is 47017 a composite number?
False
Is 2187571 a prime number?
True
Is 2393 a composite number?
False
Is 390019 composite?
True
Is 21269 a composite number?
False
Is 2935 a composite number?
True
Is 599843 prime?
True
Is 123787 a prime number?
True
Is 418079 prime?
True
Is 592337 a composite number?
False
Is 114809 a prime number?
True
Is 1103 a prime number?
True
Is 293869 composite?
True
Is 452953 composite?
False
Is 37921 composite?
True
Is 159457 a prime number?
True
Is 119 a composite number?
True
Is 7837 a composite number?
True
Is 9811 a composite number?
False
Is 123055 composite?
True
Is 7981 a composite number?
True
Is 12449 composite?
True
Is 249181 a composite number?
False
Is 350213 a prime number?
True
Is 3389 a prime number?
True
Is 182333 a prime number?
True
Is 235159 composite?
False
Is 179609 a composite number?
True
Is 34942 a composite number?
True
Is 40601 a composite number?
True
Is 1221085 a composite number?
True
Is 24463 prime?
False
Is 231103 composite?
True
Is 181834 prime?
False
Is 20849 a prime number?
True
Is 313919 composite?
True
Is 494737 prime?
True
Is 1354 a prime number?
False
Is 1220893 prime?
True
Is 633331 a composite number?
True
Is 21331 a composite number?
True
Is 35761 a composite number?
True
Is 87501 a composite number?
True
Is 3691 a prime number?
True
Is 91391 a composite number?
True
Is 495077 prime?
False
Is 3389 a prime number?
True
Is 789823 composite?
False
Is 45407 a composite number?
True
Is 79907 a composite number?
False
Is 31029 composite?
True
Is 130885 prime?
False
Is 101267 composite?
False
Is 22229 composite?
False
Is 236207 a prime number?
True
Is 1867 a prime number?
True
Is 34495 a prime number?
False
Is 23605 composite?
True
Is 18227 prime?
False
Is 3793 composite?
False
Is 400883 prime?
False
Is 1579183 prime?
True
Is 9566 a composite number?
True
Is 33665 a composite number?
True
Is 13571 composite?
True
Is 24439 composite?
False
Is 126347 composite?
True
Is 432923 a composite number?
False
Is 14923 a composite number?
False
Is 59581 a prime number?
True
Is 261223 prime?
True
Is 4822 a composite number?
True
Is 46993 a composite number?
False
Is 10993 prime?
True
Is 4727 prime?
False
Is 27733 prime?
True
Is 205391 prime?
True
Is 41333 composite?
False
Is 2254753 a composite number?
True
Is 262469 a prime number?
True
Is 15253 a composite number?
True
Is 192161 a composite number?
False
Is 4321 a prime number?
False
Is 7271 composite?
True
Is 116321 composite?
True
Is 11201 a prime number?
False
Is 71417 a pr